{"id":110,"date":"2023-04-24T11:22:35","date_gmt":"2023-04-24T17:22:35","guid":{"rendered":"https:\/\/mck.tbm.mybluehost.me\/tienda\/?page_id=110"},"modified":"2023-04-24T17:29:49","modified_gmt":"2023-04-24T23:29:49","slug":"productos","status":"publish","type":"page","link":"https:\/\/asefyl.or.cr\/tienda\/productos\/","title":{"rendered":"Productos M\u00e1s Recientes"},"content":{"rendered":"<div data-block-name=\"woocommerce\/product-new\" class=\"wc-block-grid wp-block-product-new wp-block-woocommerce-product-new wc-block-product-new has-3-columns has-multiple-rows\"><ul class=\"wc-block-grid__products\"><li class=\"wc-block-grid__product\">\n\t\t\t\t<a href=\"https:\/\/asefyl.or.cr\/tienda\/producto\/campos-de-cafe-sello-ict\/\" class=\"wc-block-grid__product-link\">\n\t\t\t\t\t\n\t\t\t\t\t<div class=\"wc-block-grid__product-image\"><img loading=\"lazy\" decoding=\"async\" width=\"320\" height=\"320\" src=\"https:\/\/asefyl.or.cr\/tienda\/wp-content\/uploads\/2024\/04\/Campos-de-Cafe-sello-ICT-320x320.png\" class=\"attachment-woocommerce_thumbnail size-woocommerce_thumbnail\" alt=\"Campos de Caf\u00e9 sello ICT\" srcset=\"https:\/\/asefyl.or.cr\/tienda\/wp-content\/uploads\/2024\/04\/Campos-de-Cafe-sello-ICT-320x320.png 320w, https:\/\/asefyl.or.cr\/tienda\/wp-content\/uploads\/2024\/04\/Campos-de-Cafe-sello-ICT-300x300.png 300w, https:\/\/asefyl.or.cr\/tienda\/wp-content\/uploads\/2024\/04\/Campos-de-Cafe-sello-ICT-1024x1024.png 1024w, https:\/\/asefyl.or.cr\/tienda\/wp-content\/uploads\/2024\/04\/Campos-de-Cafe-sello-ICT-150x150.png 150w, https:\/\/asefyl.or.cr\/tienda\/wp-content\/uploads\/2024\/04\/Campos-de-Cafe-sello-ICT-768x768.png 768w, https:\/\/asefyl.or.cr\/tienda\/wp-content\/uploads\/2024\/04\/Campos-de-Cafe-sello-ICT-600x600.png 600w, https:\/\/asefyl.or.cr\/tienda\/wp-content\/uploads\/2024\/04\/Campos-de-Cafe-sello-ICT-100x100.png 100w, https:\/\/asefyl.or.cr\/tienda\/wp-content\/uploads\/2024\/04\/Campos-de-Cafe-sello-ICT-48x48.png 48w, https:\/\/asefyl.or.cr\/tienda\/wp-content\/uploads\/2024\/04\/Campos-de-Cafe-sello-ICT.png 1080w\" sizes=\"auto, (max-width: 320px) 100vw, 320px\" \/><\/div>\n\t\t\t\t\t<div class=\"wc-block-grid__product-title\">Campos de Caf\u00e9 sello ICT<\/div>\n\t\t\t\t<\/a>\n\t\t\t\t<div class=\"wc-block-grid__product-price price\"><span class=\"woocommerce-Price-amount amount\"><span class=\"woocommerce-Price-currencySymbol\">&#x20a1;<\/span>20,000.00<\/span><\/div>\n\t\t\t\t\n\t\t\t\t<div class=\"wp-block-button wc-block-grid__product-add-to-cart\"><a href=\"\/tienda\/wp-json\/wp\/v2\/pages\/110?add-to-cart=954\" aria-label=\"A\u00f1adir al carrito: &ldquo;Campos de Caf\u00e9 sello ICT&rdquo;\" data-quantity=\"1\" data-product_id=\"954\" data-product_sku=\"BC0020\" data-price=\"20000\" rel=\"nofollow\" class=\"wp-block-button__link  add_to_cart_button ajax_add_to_cart\">A\u00f1adir al carrito<\/a><\/div>\n\t\t\t<\/li><li class=\"wc-block-grid__product\">\n\t\t\t\t<a href=\"https:\/\/asefyl.or.cr\/tienda\/producto\/trio-candelas-pequenas\/\" class=\"wc-block-grid__product-link\">\n\t\t\t\t\t\n\t\t\t\t\t<div class=\"wc-block-grid__product-image\"><img loading=\"lazy\" decoding=\"async\" width=\"320\" height=\"320\" src=\"https:\/\/asefyl.or.cr\/tienda\/wp-content\/uploads\/2024\/04\/Trio-candelas-pequenas-320x320.jpg\" class=\"attachment-woocommerce_thumbnail size-woocommerce_thumbnail\" alt=\"Tr\u00edo candelas peque\u00f1as\" srcset=\"https:\/\/asefyl.or.cr\/tienda\/wp-content\/uploads\/2024\/04\/Trio-candelas-pequenas-320x320.jpg 320w, https:\/\/asefyl.or.cr\/tienda\/wp-content\/uploads\/2024\/04\/Trio-candelas-pequenas-300x300.jpg 300w, https:\/\/asefyl.or.cr\/tienda\/wp-content\/uploads\/2024\/04\/Trio-candelas-pequenas-1024x1024.jpg 1024w, https:\/\/asefyl.or.cr\/tienda\/wp-content\/uploads\/2024\/04\/Trio-candelas-pequenas-150x150.jpg 150w, https:\/\/asefyl.or.cr\/tienda\/wp-content\/uploads\/2024\/04\/Trio-candelas-pequenas-768x768.jpg 768w, https:\/\/asefyl.or.cr\/tienda\/wp-content\/uploads\/2024\/04\/Trio-candelas-pequenas-600x600.jpg 600w, https:\/\/asefyl.or.cr\/tienda\/wp-content\/uploads\/2024\/04\/Trio-candelas-pequenas-100x100.jpg 100w, https:\/\/asefyl.or.cr\/tienda\/wp-content\/uploads\/2024\/04\/Trio-candelas-pequenas-48x48.jpg 48w, https:\/\/asefyl.or.cr\/tienda\/wp-content\/uploads\/2024\/04\/Trio-candelas-pequenas.jpg 1200w\" sizes=\"auto, (max-width: 320px) 100vw, 320px\" \/><\/div>\n\t\t\t\t\t<div class=\"wc-block-grid__product-title\">Tr\u00edo candelas peque\u00f1as<\/div>\n\t\t\t\t<\/a>\n\t\t\t\t<div class=\"wc-block-grid__product-price price\"><span class=\"woocommerce-Price-amount amount\"><span class=\"woocommerce-Price-currencySymbol\">&#x20a1;<\/span>6,650.00<\/span><\/div>\n\t\t\t\t\n\t\t\t\t<div class=\"wp-block-button wc-block-grid__product-add-to-cart\"><a href=\"\/tienda\/wp-json\/wp\/v2\/pages\/110?add-to-cart=952\" aria-label=\"A\u00f1adir al carrito: &ldquo;Tr\u00edo candelas peque\u00f1as&rdquo;\" data-quantity=\"1\" data-product_id=\"952\" data-product_sku=\"BC0019\" data-price=\"6650\" rel=\"nofollow\" class=\"wp-block-button__link  add_to_cart_button ajax_add_to_cart\">A\u00f1adir al carrito<\/a><\/div>\n\t\t\t<\/li><li class=\"wc-block-grid__product\">\n\t\t\t\t<a href=\"https:\/\/asefyl.or.cr\/tienda\/producto\/trio-candelas-grandes\/\" class=\"wc-block-grid__product-link\">\n\t\t\t\t\t\n\t\t\t\t\t<div class=\"wc-block-grid__product-image\"><img loading=\"lazy\" decoding=\"async\" width=\"320\" height=\"320\" src=\"https:\/\/asefyl.or.cr\/tienda\/wp-content\/uploads\/2024\/04\/Trio-candelas-grandes-320x320.jpg\" class=\"attachment-woocommerce_thumbnail size-woocommerce_thumbnail\" alt=\"Tr\u00edo candelas grandes\" srcset=\"https:\/\/asefyl.or.cr\/tienda\/wp-content\/uploads\/2024\/04\/Trio-candelas-grandes-320x320.jpg 320w, https:\/\/asefyl.or.cr\/tienda\/wp-content\/uploads\/2024\/04\/Trio-candelas-grandes-300x300.jpg 300w, https:\/\/asefyl.or.cr\/tienda\/wp-content\/uploads\/2024\/04\/Trio-candelas-grandes-1024x1024.jpg 1024w, https:\/\/asefyl.or.cr\/tienda\/wp-content\/uploads\/2024\/04\/Trio-candelas-grandes-150x150.jpg 150w, https:\/\/asefyl.or.cr\/tienda\/wp-content\/uploads\/2024\/04\/Trio-candelas-grandes-768x768.jpg 768w, https:\/\/asefyl.or.cr\/tienda\/wp-content\/uploads\/2024\/04\/Trio-candelas-grandes-600x600.jpg 600w, https:\/\/asefyl.or.cr\/tienda\/wp-content\/uploads\/2024\/04\/Trio-candelas-grandes-100x100.jpg 100w, https:\/\/asefyl.or.cr\/tienda\/wp-content\/uploads\/2024\/04\/Trio-candelas-grandes-48x48.jpg 48w, https:\/\/asefyl.or.cr\/tienda\/wp-content\/uploads\/2024\/04\/Trio-candelas-grandes.jpg 1200w\" sizes=\"auto, (max-width: 320px) 100vw, 320px\" \/><\/div>\n\t\t\t\t\t<div class=\"wc-block-grid__product-title\">Tr\u00edo candelas grandes<\/div>\n\t\t\t\t<\/a>\n\t\t\t\t<div class=\"wc-block-grid__product-price price\"><span class=\"woocommerce-Price-amount amount\"><span class=\"woocommerce-Price-currencySymbol\">&#x20a1;<\/span>9,100.00<\/span><\/div>\n\t\t\t\t\n\t\t\t\t<div class=\"wp-block-button wc-block-grid__product-add-to-cart\"><a href=\"\/tienda\/wp-json\/wp\/v2\/pages\/110?add-to-cart=949\" aria-label=\"A\u00f1adir al carrito: &ldquo;Tr\u00edo candelas grandes&rdquo;\" data-quantity=\"1\" data-product_id=\"949\" data-product_sku=\"\" data-price=\"9100\" rel=\"nofollow\" class=\"wp-block-button__link  add_to_cart_button ajax_add_to_cart\">A\u00f1adir al carrito<\/a><\/div>\n\t\t\t<\/li><li class=\"wc-block-grid__product\">\n\t\t\t\t<a href=\"https:\/\/asefyl.or.cr\/tienda\/producto\/trio-candelas-1-grande-y-2-pequenas\/\" class=\"wc-block-grid__product-link\">\n\t\t\t\t\t\n\t\t\t\t\t<div class=\"wc-block-grid__product-image\"><img loading=\"lazy\" decoding=\"async\" width=\"320\" height=\"320\" src=\"https:\/\/asefyl.or.cr\/tienda\/wp-content\/uploads\/2024\/04\/Trio-candelas-1-grande-y-2-pequenas-320x320.jpg\" class=\"attachment-woocommerce_thumbnail size-woocommerce_thumbnail\" alt=\"Tr\u00edo candelas 1 grande y 2 peque\u00f1as\" srcset=\"https:\/\/asefyl.or.cr\/tienda\/wp-content\/uploads\/2024\/04\/Trio-candelas-1-grande-y-2-pequenas-320x320.jpg 320w, https:\/\/asefyl.or.cr\/tienda\/wp-content\/uploads\/2024\/04\/Trio-candelas-1-grande-y-2-pequenas-300x300.jpg 300w, https:\/\/asefyl.or.cr\/tienda\/wp-content\/uploads\/2024\/04\/Trio-candelas-1-grande-y-2-pequenas-1024x1024.jpg 1024w, https:\/\/asefyl.or.cr\/tienda\/wp-content\/uploads\/2024\/04\/Trio-candelas-1-grande-y-2-pequenas-150x150.jpg 150w, https:\/\/asefyl.or.cr\/tienda\/wp-content\/uploads\/2024\/04\/Trio-candelas-1-grande-y-2-pequenas-768x768.jpg 768w, https:\/\/asefyl.or.cr\/tienda\/wp-content\/uploads\/2024\/04\/Trio-candelas-1-grande-y-2-pequenas-600x600.jpg 600w, https:\/\/asefyl.or.cr\/tienda\/wp-content\/uploads\/2024\/04\/Trio-candelas-1-grande-y-2-pequenas-100x100.jpg 100w, https:\/\/asefyl.or.cr\/tienda\/wp-content\/uploads\/2024\/04\/Trio-candelas-1-grande-y-2-pequenas-48x48.jpg 48w, https:\/\/asefyl.or.cr\/tienda\/wp-content\/uploads\/2024\/04\/Trio-candelas-1-grande-y-2-pequenas.jpg 1200w\" sizes=\"auto, (max-width: 320px) 100vw, 320px\" \/><\/div>\n\t\t\t\t\t<div class=\"wc-block-grid__product-title\">Tr\u00edo candelas 1 grande y 2 peque\u00f1as<\/div>\n\t\t\t\t<\/a>\n\t\t\t\t<div class=\"wc-block-grid__product-price price\"><span class=\"woocommerce-Price-amount amount\"><span class=\"woocommerce-Price-currencySymbol\">&#x20a1;<\/span>6,800.00<\/span><\/div>\n\t\t\t\t\n\t\t\t\t<div class=\"wp-block-button wc-block-grid__product-add-to-cart\"><a href=\"\/tienda\/wp-json\/wp\/v2\/pages\/110?add-to-cart=947\" aria-label=\"A\u00f1adir al carrito: &ldquo;Tr\u00edo candelas 1 grande y 2 peque\u00f1as&rdquo;\" data-quantity=\"1\" data-product_id=\"947\" data-product_sku=\"BC0018\" data-price=\"6800\" rel=\"nofollow\" class=\"wp-block-button__link  add_to_cart_button ajax_add_to_cart\">A\u00f1adir al carrito<\/a><\/div>\n\t\t\t<\/li><li class=\"wc-block-grid__product\">\n\t\t\t\t<a href=\"https:\/\/asefyl.or.cr\/tienda\/producto\/salveque-de-tela\/\" class=\"wc-block-grid__product-link\">\n\t\t\t\t\t\n\t\t\t\t\t<div class=\"wc-block-grid__product-image\"><img loading=\"lazy\" decoding=\"async\" width=\"320\" height=\"320\" src=\"https:\/\/asefyl.or.cr\/tienda\/wp-content\/uploads\/2024\/04\/Salveque-320x320.jpg\" class=\"attachment-woocommerce_thumbnail size-woocommerce_thumbnail\" alt=\"Salveque de tela\" srcset=\"https:\/\/asefyl.or.cr\/tienda\/wp-content\/uploads\/2024\/04\/Salveque-320x320.jpg 320w, https:\/\/asefyl.or.cr\/tienda\/wp-content\/uploads\/2024\/04\/Salveque-300x300.jpg 300w, https:\/\/asefyl.or.cr\/tienda\/wp-content\/uploads\/2024\/04\/Salveque-1024x1024.jpg 1024w, https:\/\/asefyl.or.cr\/tienda\/wp-content\/uploads\/2024\/04\/Salveque-150x150.jpg 150w, https:\/\/asefyl.or.cr\/tienda\/wp-content\/uploads\/2024\/04\/Salveque-768x768.jpg 768w, https:\/\/asefyl.or.cr\/tienda\/wp-content\/uploads\/2024\/04\/Salveque-600x600.jpg 600w, https:\/\/asefyl.or.cr\/tienda\/wp-content\/uploads\/2024\/04\/Salveque-100x100.jpg 100w, https:\/\/asefyl.or.cr\/tienda\/wp-content\/uploads\/2024\/04\/Salveque-48x48.jpg 48w, https:\/\/asefyl.or.cr\/tienda\/wp-content\/uploads\/2024\/04\/Salveque.jpg 1200w\" sizes=\"auto, (max-width: 320px) 100vw, 320px\" \/><\/div>\n\t\t\t\t\t<div class=\"wc-block-grid__product-title\">Salveque de tela<\/div>\n\t\t\t\t<\/a>\n\t\t\t\t<div class=\"wc-block-grid__product-price price\"><span class=\"woocommerce-Price-amount amount\"><span class=\"woocommerce-Price-currencySymbol\">&#x20a1;<\/span>8,500.00<\/span><\/div>\n\t\t\t\t\n\t\t\t\t<div class=\"wp-block-button wc-block-grid__product-add-to-cart\"><a href=\"\/tienda\/wp-json\/wp\/v2\/pages\/110?add-to-cart=945\" aria-label=\"A\u00f1adir al carrito: &ldquo;Salveque de tela&rdquo;\" data-quantity=\"1\" data-product_id=\"945\" data-product_sku=\"BC0017\" data-price=\"8500\" rel=\"nofollow\" class=\"wp-block-button__link  add_to_cart_button ajax_add_to_cart\">A\u00f1adir al carrito<\/a><\/div>\n\t\t\t<\/li><li class=\"wc-block-grid__product\">\n\t\t\t\t<a href=\"https:\/\/asefyl.or.cr\/tienda\/producto\/paquete-ritual-de-la-luz\/\" class=\"wc-block-grid__product-link\">\n\t\t\t\t\t\n\t\t\t\t\t<div class=\"wc-block-grid__product-image\"><img loading=\"lazy\" decoding=\"async\" width=\"320\" height=\"320\" src=\"https:\/\/asefyl.or.cr\/tienda\/wp-content\/uploads\/2024\/04\/Paquete-ritual-de-la-luz-320x320.jpg\" class=\"attachment-woocommerce_thumbnail size-woocommerce_thumbnail\" alt=\"Paquete ritual de la luz\" srcset=\"https:\/\/asefyl.or.cr\/tienda\/wp-content\/uploads\/2024\/04\/Paquete-ritual-de-la-luz-320x320.jpg 320w, https:\/\/asefyl.or.cr\/tienda\/wp-content\/uploads\/2024\/04\/Paquete-ritual-de-la-luz-300x300.jpg 300w, https:\/\/asefyl.or.cr\/tienda\/wp-content\/uploads\/2024\/04\/Paquete-ritual-de-la-luz-1024x1024.jpg 1024w, https:\/\/asefyl.or.cr\/tienda\/wp-content\/uploads\/2024\/04\/Paquete-ritual-de-la-luz-150x150.jpg 150w, https:\/\/asefyl.or.cr\/tienda\/wp-content\/uploads\/2024\/04\/Paquete-ritual-de-la-luz-768x768.jpg 768w, https:\/\/asefyl.or.cr\/tienda\/wp-content\/uploads\/2024\/04\/Paquete-ritual-de-la-luz-600x600.jpg 600w, https:\/\/asefyl.or.cr\/tienda\/wp-content\/uploads\/2024\/04\/Paquete-ritual-de-la-luz-100x100.jpg 100w, https:\/\/asefyl.or.cr\/tienda\/wp-content\/uploads\/2024\/04\/Paquete-ritual-de-la-luz-48x48.jpg 48w, https:\/\/asefyl.or.cr\/tienda\/wp-content\/uploads\/2024\/04\/Paquete-ritual-de-la-luz.jpg 1200w\" sizes=\"auto, (max-width: 320px) 100vw, 320px\" \/><\/div>\n\t\t\t\t\t<div class=\"wc-block-grid__product-title\">Paquete ritual de la luz<\/div>\n\t\t\t\t<\/a>\n\t\t\t\t<div class=\"wc-block-grid__product-price price\"><span class=\"woocommerce-Price-amount amount\"><span class=\"woocommerce-Price-currencySymbol\">&#x20a1;<\/span>8,500.00<\/span><\/div>\n\t\t\t\t\n\t\t\t\t<div class=\"wp-block-button wc-block-grid__product-add-to-cart\"><a href=\"\/tienda\/wp-json\/wp\/v2\/pages\/110?add-to-cart=943\" aria-label=\"A\u00f1adir al carrito: &ldquo;Paquete ritual de la luz&rdquo;\" data-quantity=\"1\" data-product_id=\"943\" data-product_sku=\"BC0016\" data-price=\"8500\" rel=\"nofollow\" class=\"wp-block-button__link  add_to_cart_button ajax_add_to_cart\">A\u00f1adir al carrito<\/a><\/div>\n\t\t\t<\/li><li class=\"wc-block-grid__product\">\n\t\t\t\t<a href=\"https:\/\/asefyl.or.cr\/tienda\/producto\/paquete-regalo-pequeno\/\" class=\"wc-block-grid__product-link\">\n\t\t\t\t\t\n\t\t\t\t\t<div class=\"wc-block-grid__product-image\"><img loading=\"lazy\" decoding=\"async\" width=\"320\" height=\"320\" src=\"https:\/\/asefyl.or.cr\/tienda\/wp-content\/uploads\/2024\/04\/Paquete-Regalo-pequeno-320x320.jpg\" class=\"attachment-woocommerce_thumbnail size-woocommerce_thumbnail\" alt=\"Paquete Regalo peque\u00f1o\" srcset=\"https:\/\/asefyl.or.cr\/tienda\/wp-content\/uploads\/2024\/04\/Paquete-Regalo-pequeno-320x320.jpg 320w, https:\/\/asefyl.or.cr\/tienda\/wp-content\/uploads\/2024\/04\/Paquete-Regalo-pequeno-300x300.jpg 300w, https:\/\/asefyl.or.cr\/tienda\/wp-content\/uploads\/2024\/04\/Paquete-Regalo-pequeno-1024x1024.jpg 1024w, https:\/\/asefyl.or.cr\/tienda\/wp-content\/uploads\/2024\/04\/Paquete-Regalo-pequeno-150x150.jpg 150w, https:\/\/asefyl.or.cr\/tienda\/wp-content\/uploads\/2024\/04\/Paquete-Regalo-pequeno-768x768.jpg 768w, https:\/\/asefyl.or.cr\/tienda\/wp-content\/uploads\/2024\/04\/Paquete-Regalo-pequeno-600x600.jpg 600w, https:\/\/asefyl.or.cr\/tienda\/wp-content\/uploads\/2024\/04\/Paquete-Regalo-pequeno-100x100.jpg 100w, https:\/\/asefyl.or.cr\/tienda\/wp-content\/uploads\/2024\/04\/Paquete-Regalo-pequeno-48x48.jpg 48w, https:\/\/asefyl.or.cr\/tienda\/wp-content\/uploads\/2024\/04\/Paquete-Regalo-pequeno.jpg 1200w\" sizes=\"auto, (max-width: 320px) 100vw, 320px\" \/><\/div>\n\t\t\t\t\t<div class=\"wc-block-grid__product-title\">Paquete Regalo peque\u00f1o<\/div>\n\t\t\t\t<\/a>\n\t\t\t\t<div class=\"wc-block-grid__product-price price\"><span class=\"woocommerce-Price-amount amount\"><span class=\"woocommerce-Price-currencySymbol\">&#x20a1;<\/span>20,800.00<\/span><\/div>\n\t\t\t\t\n\t\t\t\t<div class=\"wp-block-button wc-block-grid__product-add-to-cart\"><a href=\"\/tienda\/wp-json\/wp\/v2\/pages\/110?add-to-cart=939\" aria-label=\"A\u00f1adir al carrito: &ldquo;Paquete Regalo peque\u00f1o&rdquo;\" data-quantity=\"1\" data-product_id=\"939\" data-product_sku=\"BC0015\" data-price=\"20800\" rel=\"nofollow\" class=\"wp-block-button__link  add_to_cart_button ajax_add_to_cart\">A\u00f1adir al carrito<\/a><\/div>\n\t\t\t<\/li><li class=\"wc-block-grid__product\">\n\t\t\t\t<a href=\"https:\/\/asefyl.or.cr\/tienda\/producto\/paquete-regalo-grande\/\" class=\"wc-block-grid__product-link\">\n\t\t\t\t\t\n\t\t\t\t\t<div class=\"wc-block-grid__product-image\"><img loading=\"lazy\" decoding=\"async\" width=\"320\" height=\"320\" src=\"https:\/\/asefyl.or.cr\/tienda\/wp-content\/uploads\/2024\/04\/Paquete-regalo-grande-320x320.jpg\" class=\"attachment-woocommerce_thumbnail size-woocommerce_thumbnail\" alt=\"Paquete regalo grande\" srcset=\"https:\/\/asefyl.or.cr\/tienda\/wp-content\/uploads\/2024\/04\/Paquete-regalo-grande-320x320.jpg 320w, https:\/\/asefyl.or.cr\/tienda\/wp-content\/uploads\/2024\/04\/Paquete-regalo-grande-300x300.jpg 300w, https:\/\/asefyl.or.cr\/tienda\/wp-content\/uploads\/2024\/04\/Paquete-regalo-grande-1024x1024.jpg 1024w, https:\/\/asefyl.or.cr\/tienda\/wp-content\/uploads\/2024\/04\/Paquete-regalo-grande-150x150.jpg 150w, https:\/\/asefyl.or.cr\/tienda\/wp-content\/uploads\/2024\/04\/Paquete-regalo-grande-768x768.jpg 768w, https:\/\/asefyl.or.cr\/tienda\/wp-content\/uploads\/2024\/04\/Paquete-regalo-grande-600x600.jpg 600w, https:\/\/asefyl.or.cr\/tienda\/wp-content\/uploads\/2024\/04\/Paquete-regalo-grande-100x100.jpg 100w, https:\/\/asefyl.or.cr\/tienda\/wp-content\/uploads\/2024\/04\/Paquete-regalo-grande-48x48.jpg 48w, https:\/\/asefyl.or.cr\/tienda\/wp-content\/uploads\/2024\/04\/Paquete-regalo-grande.jpg 1200w\" sizes=\"auto, (max-width: 320px) 100vw, 320px\" \/><\/div>\n\t\t\t\t\t<div class=\"wc-block-grid__product-title\">Paquete regalo grande<\/div>\n\t\t\t\t<\/a>\n\t\t\t\t<div class=\"wc-block-grid__product-price price\"><span class=\"woocommerce-Price-amount amount\"><span class=\"woocommerce-Price-currencySymbol\">&#x20a1;<\/span>25,700.00<\/span><\/div>\n\t\t\t\t\n\t\t\t\t<div class=\"wp-block-button wc-block-grid__product-add-to-cart\"><a href=\"\/tienda\/wp-json\/wp\/v2\/pages\/110?add-to-cart=937\" aria-label=\"A\u00f1adir al carrito: &ldquo;Paquete regalo grande&rdquo;\" data-quantity=\"1\" data-product_id=\"937\" data-product_sku=\"BC0014\" data-price=\"25700\" rel=\"nofollow\" class=\"wp-block-button__link  add_to_cart_button ajax_add_to_cart\">A\u00f1adir al carrito<\/a><\/div>\n\t\t\t<\/li><li class=\"wc-block-grid__product\">\n\t\t\t\t<a href=\"https:\/\/asefyl.or.cr\/tienda\/producto\/paquete-minicandelas-cumpleaneras\/\" class=\"wc-block-grid__product-link\">\n\t\t\t\t\t\n\t\t\t\t\t<div class=\"wc-block-grid__product-image\"><img loading=\"lazy\" decoding=\"async\" width=\"320\" height=\"320\" src=\"https:\/\/asefyl.or.cr\/tienda\/wp-content\/uploads\/2024\/04\/Paquete-minicandelas-cumpleaneras-320x320.jpg\" class=\"attachment-woocommerce_thumbnail size-woocommerce_thumbnail\" alt=\"Paquete minicandelas cumplea\u00f1eras\" srcset=\"https:\/\/asefyl.or.cr\/tienda\/wp-content\/uploads\/2024\/04\/Paquete-minicandelas-cumpleaneras-320x320.jpg 320w, https:\/\/asefyl.or.cr\/tienda\/wp-content\/uploads\/2024\/04\/Paquete-minicandelas-cumpleaneras-300x300.jpg 300w, https:\/\/asefyl.or.cr\/tienda\/wp-content\/uploads\/2024\/04\/Paquete-minicandelas-cumpleaneras-1024x1024.jpg 1024w, https:\/\/asefyl.or.cr\/tienda\/wp-content\/uploads\/2024\/04\/Paquete-minicandelas-cumpleaneras-150x150.jpg 150w, https:\/\/asefyl.or.cr\/tienda\/wp-content\/uploads\/2024\/04\/Paquete-minicandelas-cumpleaneras-768x768.jpg 768w, https:\/\/asefyl.or.cr\/tienda\/wp-content\/uploads\/2024\/04\/Paquete-minicandelas-cumpleaneras-600x600.jpg 600w, https:\/\/asefyl.or.cr\/tienda\/wp-content\/uploads\/2024\/04\/Paquete-minicandelas-cumpleaneras-100x100.jpg 100w, https:\/\/asefyl.or.cr\/tienda\/wp-content\/uploads\/2024\/04\/Paquete-minicandelas-cumpleaneras-48x48.jpg 48w, https:\/\/asefyl.or.cr\/tienda\/wp-content\/uploads\/2024\/04\/Paquete-minicandelas-cumpleaneras.jpg 1200w\" sizes=\"auto, (max-width: 320px) 100vw, 320px\" \/><\/div>\n\t\t\t\t\t<div class=\"wc-block-grid__product-title\">Paquete minicandelas cumplea\u00f1eras<\/div>\n\t\t\t\t<\/a>\n\t\t\t\t<div class=\"wc-block-grid__product-price price\"><span class=\"woocommerce-Price-amount amount\"><span class=\"woocommerce-Price-currencySymbol\">&#x20a1;<\/span>5,000.00<\/span><\/div>\n\t\t\t\t\n\t\t\t\t<div class=\"wp-block-button wc-block-grid__product-add-to-cart\"><a href=\"\/tienda\/wp-json\/wp\/v2\/pages\/110?add-to-cart=934\" aria-label=\"A\u00f1adir al carrito: &ldquo;Paquete minicandelas cumplea\u00f1eras&rdquo;\" data-quantity=\"1\" data-product_id=\"934\" data-product_sku=\"BC0013\" data-price=\"5000\" rel=\"nofollow\" class=\"wp-block-button__link  add_to_cart_button ajax_add_to_cart\">A\u00f1adir al carrito<\/a><\/div>\n\t\t\t<\/li><\/ul><\/div>","protected":false},"excerpt":{"rendered":"","protected":false},"author":39,"featured_media":0,"parent":0,"menu_order":0,"comment_status":"closed","ping_status":"closed","template":"","meta":{"_monsterinsights_skip_tracking":false,"_monsterinsights_sitenote_active":false,"_monsterinsights_sitenote_note":"","_monsterinsights_sitenote_category":0,"footnotes":""},"class_list":["post-110","page","type-page","status-publish","hentry","thunk-woo-product-list","opn-qv-enable","top-store-woo-hover-zoom","top-store-single-product-tab-horizontal","top-store-shadow-","top-store-shadow-hover-"],"_links":{"self":[{"href":"https:\/\/asefyl.or.cr\/tienda\/wp-json\/wp\/v2\/pages\/110","targetHints":{"allow":["GET"]}}],"collection":[{"href":"https:\/\/asefyl.or.cr\/tienda\/wp-json\/wp\/v2\/pages"}],"about":[{"href":"https:\/\/asefyl.or.cr\/tienda\/wp-json\/wp\/v2\/types\/page"}],"author":[{"embeddable":true,"href":"https:\/\/asefyl.or.cr\/tienda\/wp-json\/wp\/v2\/users\/39"}],"replies":[{"embeddable":true,"href":"https:\/\/asefyl.or.cr\/tienda\/wp-json\/wp\/v2\/comments?post=110"}],"version-history":[{"count":3,"href":"https:\/\/asefyl.or.cr\/tienda\/wp-json\/wp\/v2\/pages\/110\/revisions"}],"predecessor-version":[{"id":439,"href":"https:\/\/asefyl.or.cr\/tienda\/wp-json\/wp\/v2\/pages\/110\/revisions\/439"}],"wp:attachment":[{"href":"https:\/\/asefyl.or.cr\/tienda\/wp-json\/wp\/v2\/media?parent=110"}],"curies":[{"name":"wp","href":"https:\/\/api.w.org\/{rel}","templated":true}]}}