{"id":408,"date":"2023-04-24T15:50:15","date_gmt":"2023-04-24T21:50:15","guid":{"rendered":"https:\/\/mck.tbm.mybluehost.me\/tienda\/?post_type=product&#038;p=408"},"modified":"2023-04-24T16:01:59","modified_gmt":"2023-04-24T22:01:59","slug":"jam-hang-up","status":"publish","type":"product","link":"https:\/\/asefyl.or.cr\/tienda\/producto\/jam-hang-up\/","title":{"rendered":"Jam Hang Up"},"content":{"rendered":"<blockquote><p>Altavoz Jam Hang Up Para Uso Port\u00e1til V\u00eda Bluetooth Cuenta Con Una Duraci\u00f3n De Bater\u00eda De 8 Horas Posee Certificado Ip67 (resistente Al Agua Y Al Polvo) Con Alcance De 30 Metros.<\/p><\/blockquote>\n","protected":false},"excerpt":{"rendered":"<p>Altavoz Jam Hang Up Para Uso Port\u00e1til V\u00eda Bluetooth Cuenta Con Una Duraci\u00f3n De Bater\u00eda De 8 Horas Posee Certificado Ip67 (resistente Al Agua Y Al Polvo) Con Alcance De 30 Metros.<\/p>\n","protected":false},"featured_media":409,"comment_status":"closed","ping_status":"closed","template":"","meta":{"_monsterinsights_skip_tracking":false,"_monsterinsights_sitenote_active":false,"_monsterinsights_sitenote_note":"","_monsterinsights_sitenote_category":0},"product_brand":[],"product_cat":[48,50],"product_tag":[103,106,105,101],"class_list":{"0":"post-408","1":"product","2":"type-product","3":"status-publish","4":"has-post-thumbnail","6":"product_cat-audio","7":"product_cat-parlantes","8":"product_tag-audifonos","9":"product_tag-audio","10":"product_tag-jam-hang-up","11":"product_tag-soluciones-dyr","12":"thunk-woo-product-list","13":"opn-qv-enable","14":"top-store-woo-hover-zoom","15":"top-store-single-product-tab-horizontal","16":"top-store-shadow-","17":"top-store-shadow-hover-","19":"first","20":"instock","21":"shipping-taxable","22":"purchasable","23":"product-type-simple"},"_links":{"self":[{"href":"https:\/\/asefyl.or.cr\/tienda\/wp-json\/wp\/v2\/product\/408","targetHints":{"allow":["GET"]}}],"collection":[{"href":"https:\/\/asefyl.or.cr\/tienda\/wp-json\/wp\/v2\/product"}],"about":[{"href":"https:\/\/asefyl.or.cr\/tienda\/wp-json\/wp\/v2\/types\/product"}],"replies":[{"embeddable":true,"href":"https:\/\/asefyl.or.cr\/tienda\/wp-json\/wp\/v2\/comments?post=408"}],"wp:featuredmedia":[{"embeddable":true,"href":"https:\/\/asefyl.or.cr\/tienda\/wp-json\/wp\/v2\/media\/409"}],"wp:attachment":[{"href":"https:\/\/asefyl.or.cr\/tienda\/wp-json\/wp\/v2\/media?parent=408"}],"wp:term":[{"taxonomy":"product_brand","embeddable":true,"href":"https:\/\/asefyl.or.cr\/tienda\/wp-json\/wp\/v2\/product_brand?post=408"},{"taxonomy":"product_cat","embeddable":true,"href":"https:\/\/asefyl.or.cr\/tienda\/wp-json\/wp\/v2\/product_cat?post=408"},{"taxonomy":"product_tag","embeddable":true,"href":"https:\/\/asefyl.or.cr\/tienda\/wp-json\/wp\/v2\/product_tag?post=408"}],"curies":[{"name":"wp","href":"https:\/\/api.w.org\/{rel}","templated":true}]}}