{"id":410,"date":"2023-04-24T15:56:48","date_gmt":"2023-04-24T21:56:48","guid":{"rendered":"https:\/\/mck.tbm.mybluehost.me\/tienda\/?post_type=product&#038;p=410"},"modified":"2023-04-24T16:16:35","modified_gmt":"2023-04-24T22:16:35","slug":"silla-secretarial-xtech-qzy-h4","status":"publish","type":"product","link":"https:\/\/asefyl.or.cr\/tienda\/producto\/silla-secretarial-xtech-qzy-h4\/","title":{"rendered":"Silla Secretarial Xtech QZY-H4"},"content":{"rendered":"<p>C\u00f3modos apoyabrazos ayudan a aliviar la tensi\u00f3n en los hombros y el cuello<\/p>\n<p>Recomendado para uso intensivo 6-8 horas al d\u00eda<\/p>\n<p>Se incluyen instrucciones de montaje f\u00e1ciles<\/p>\n<p>Peso soportado: 80 kgs<\/p>\n","protected":false},"excerpt":{"rendered":"<p>C\u00f3modos apoyabrazos ayudan a aliviar la tensi\u00f3n en los hombros y el cuello Recomendado para uso intensivo 6-8 horas al d\u00eda Se incluyen instrucciones de montaje f\u00e1ciles Peso soportado: 80 kgs<\/p>\n","protected":false},"featured_media":411,"comment_status":"closed","ping_status":"closed","template":"","meta":{"_monsterinsights_skip_tracking":false,"_monsterinsights_sitenote_active":false,"_monsterinsights_sitenote_note":"","_monsterinsights_sitenote_category":0},"product_brand":[],"product_cat":[98],"product_tag":[108,99,101,109],"class_list":{"0":"post-410","1":"product","2":"type-product","3":"status-publish","4":"has-post-thumbnail","6":"product_cat-sillas","7":"product_tag-silla-oficina","8":"product_tag-sillas","9":"product_tag-soluciones-dyr","10":"product_tag-xtech","11":"thunk-woo-product-list","12":"opn-qv-enable","13":"top-store-woo-hover-zoom","14":"top-store-single-product-tab-horizontal","15":"top-store-shadow-","16":"top-store-shadow-hover-","18":"first","19":"instock","20":"shipping-taxable","21":"purchasable","22":"product-type-simple"},"_links":{"self":[{"href":"https:\/\/asefyl.or.cr\/tienda\/wp-json\/wp\/v2\/product\/410","targetHints":{"allow":["GET"]}}],"collection":[{"href":"https:\/\/asefyl.or.cr\/tienda\/wp-json\/wp\/v2\/product"}],"about":[{"href":"https:\/\/asefyl.or.cr\/tienda\/wp-json\/wp\/v2\/types\/product"}],"replies":[{"embeddable":true,"href":"https:\/\/asefyl.or.cr\/tienda\/wp-json\/wp\/v2\/comments?post=410"}],"wp:featuredmedia":[{"embeddable":true,"href":"https:\/\/asefyl.or.cr\/tienda\/wp-json\/wp\/v2\/media\/411"}],"wp:attachment":[{"href":"https:\/\/asefyl.or.cr\/tienda\/wp-json\/wp\/v2\/media?parent=410"}],"wp:term":[{"taxonomy":"product_brand","embeddable":true,"href":"https:\/\/asefyl.or.cr\/tienda\/wp-json\/wp\/v2\/product_brand?post=410"},{"taxonomy":"product_cat","embeddable":true,"href":"https:\/\/asefyl.or.cr\/tienda\/wp-json\/wp\/v2\/product_cat?post=410"},{"taxonomy":"product_tag","embeddable":true,"href":"https:\/\/asefyl.or.cr\/tienda\/wp-json\/wp\/v2\/product_tag?post=410"}],"curies":[{"name":"wp","href":"https:\/\/api.w.org\/{rel}","templated":true}]}}