{"id":851,"date":"2023-11-20T08:19:35","date_gmt":"2023-11-20T14:19:35","guid":{"rendered":"https:\/\/mck.tbm.mybluehost.me\/tienda\/?post_type=product&#038;p=851"},"modified":"2023-11-20T08:19:36","modified_gmt":"2023-11-20T14:19:36","slug":"caffeine-solution-5-egcg","status":"publish","type":"product","link":"https:\/\/asefyl.or.cr\/tienda\/producto\/caffeine-solution-5-egcg\/","title":{"rendered":"Caffeine Solution 5% + EGCG"},"content":{"rendered":"","protected":false},"excerpt":{"rendered":"<p>Un s\u00e9rum concentrado con cafe\u00edna de alta solubilidad y catequina de t\u00e9 verde para reducir visiblemente la pigmentaci\u00f3n y la hinchaz\u00f3n del contorno de ojos<br \/>\nSus beneficios son:<\/p>\n<p>&#8211; Reduce las ojeras y bolsas debajo de los ojos.<br \/>\n-Reduce la hinchaz\u00f3n de los ojos.<br \/>\n-Aclara el \u00e1rea debajo de los ojos<\/p>\n","protected":false},"featured_media":852,"comment_status":"closed","ping_status":"closed","template":"","meta":{"_monsterinsights_skip_tracking":false,"_monsterinsights_sitenote_active":false,"_monsterinsights_sitenote_note":"","_monsterinsights_sitenote_category":0},"product_brand":[],"product_cat":[132],"product_tag":[],"class_list":{"0":"post-851","1":"product","2":"type-product","3":"status-publish","4":"has-post-thumbnail","6":"product_cat-skincare","7":"thunk-woo-product-list","8":"opn-qv-enable","9":"top-store-woo-hover-zoom","10":"top-store-single-product-tab-horizontal","11":"top-store-shadow-","12":"top-store-shadow-hover-","14":"first","15":"instock","16":"shipping-taxable","17":"purchasable","18":"product-type-simple"},"_links":{"self":[{"href":"https:\/\/asefyl.or.cr\/tienda\/wp-json\/wp\/v2\/product\/851","targetHints":{"allow":["GET"]}}],"collection":[{"href":"https:\/\/asefyl.or.cr\/tienda\/wp-json\/wp\/v2\/product"}],"about":[{"href":"https:\/\/asefyl.or.cr\/tienda\/wp-json\/wp\/v2\/types\/product"}],"replies":[{"embeddable":true,"href":"https:\/\/asefyl.or.cr\/tienda\/wp-json\/wp\/v2\/comments?post=851"}],"wp:featuredmedia":[{"embeddable":true,"href":"https:\/\/asefyl.or.cr\/tienda\/wp-json\/wp\/v2\/media\/852"}],"wp:attachment":[{"href":"https:\/\/asefyl.or.cr\/tienda\/wp-json\/wp\/v2\/media?parent=851"}],"wp:term":[{"taxonomy":"product_brand","embeddable":true,"href":"https:\/\/asefyl.or.cr\/tienda\/wp-json\/wp\/v2\/product_brand?post=851"},{"taxonomy":"product_cat","embeddable":true,"href":"https:\/\/asefyl.or.cr\/tienda\/wp-json\/wp\/v2\/product_cat?post=851"},{"taxonomy":"product_tag","embeddable":true,"href":"https:\/\/asefyl.or.cr\/tienda\/wp-json\/wp\/v2\/product_tag?post=851"}],"curies":[{"name":"wp","href":"https:\/\/api.w.org\/{rel}","templated":true}]}}