{"id":865,"date":"2023-11-20T08:55:12","date_gmt":"2023-11-20T14:55:12","guid":{"rendered":"https:\/\/mck.tbm.mybluehost.me\/tienda\/?post_type=product&#038;p=865"},"modified":"2023-11-20T08:55:12","modified_gmt":"2023-11-20T14:55:12","slug":"lactic-acid-10-ha-2","status":"publish","type":"product","link":"https:\/\/asefyl.or.cr\/tienda\/producto\/lactic-acid-10-ha-2\/","title":{"rendered":"Lactic acid 10% + HA 2%"},"content":{"rendered":"<p>Nombre:<br \/>\nPrecio: 10.000 colones,<br \/>\nDescripcion del producto:<\/p>\n","protected":false},"excerpt":{"rendered":"<p>Una f\u00f3rmula de exfoliaci\u00f3n con \u00e1cido l\u00e1ctico de alta potencia para una piel m\u00e1s suave y de aspecto m\u00e1s saludable.<br \/>\nSus beneficios son:<\/p>\n<p>&#8211; Exfolia la piel suavemente.<br \/>\n-Estimula la producci\u00f3n de col\u00e1geno.<br \/>\n&#8211; Reduce manchas.<br \/>\n&#8211; Reduce marcas de acn\u00e9.<br \/>\n&#8211; Mejora la textura general de la piel.<br \/>\n&#8211; Previene puntos negros y espinillas.<\/p>\n","protected":false},"featured_media":866,"comment_status":"closed","ping_status":"closed","template":"","meta":{"_monsterinsights_skip_tracking":false,"_monsterinsights_sitenote_active":false,"_monsterinsights_sitenote_note":"","_monsterinsights_sitenote_category":0},"product_brand":[],"product_cat":[132],"product_tag":[],"class_list":{"0":"post-865","1":"product","2":"type-product","3":"status-publish","4":"has-post-thumbnail","6":"product_cat-skincare","7":"thunk-woo-product-list","8":"opn-qv-enable","9":"top-store-woo-hover-zoom","10":"top-store-single-product-tab-horizontal","11":"top-store-shadow-","12":"top-store-shadow-hover-","14":"first","15":"instock","16":"shipping-taxable","17":"purchasable","18":"product-type-simple"},"_links":{"self":[{"href":"https:\/\/asefyl.or.cr\/tienda\/wp-json\/wp\/v2\/product\/865","targetHints":{"allow":["GET"]}}],"collection":[{"href":"https:\/\/asefyl.or.cr\/tienda\/wp-json\/wp\/v2\/product"}],"about":[{"href":"https:\/\/asefyl.or.cr\/tienda\/wp-json\/wp\/v2\/types\/product"}],"replies":[{"embeddable":true,"href":"https:\/\/asefyl.or.cr\/tienda\/wp-json\/wp\/v2\/comments?post=865"}],"wp:featuredmedia":[{"embeddable":true,"href":"https:\/\/asefyl.or.cr\/tienda\/wp-json\/wp\/v2\/media\/866"}],"wp:attachment":[{"href":"https:\/\/asefyl.or.cr\/tienda\/wp-json\/wp\/v2\/media?parent=865"}],"wp:term":[{"taxonomy":"product_brand","embeddable":true,"href":"https:\/\/asefyl.or.cr\/tienda\/wp-json\/wp\/v2\/product_brand?post=865"},{"taxonomy":"product_cat","embeddable":true,"href":"https:\/\/asefyl.or.cr\/tienda\/wp-json\/wp\/v2\/product_cat?post=865"},{"taxonomy":"product_tag","embeddable":true,"href":"https:\/\/asefyl.or.cr\/tienda\/wp-json\/wp\/v2\/product_tag?post=865"}],"curies":[{"name":"wp","href":"https:\/\/api.w.org\/{rel}","templated":true}]}}