{"id":879,"date":"2023-11-20T10:15:49","date_gmt":"2023-11-20T16:15:49","guid":{"rendered":"https:\/\/mck.tbm.mybluehost.me\/tienda\/?post_type=product&#038;p=879"},"modified":"2023-11-20T10:15:49","modified_gmt":"2023-11-20T16:15:49","slug":"glycolic-acid-7-exfoliating-toning-solution-240ml","status":"publish","type":"product","link":"https:\/\/asefyl.or.cr\/tienda\/producto\/glycolic-acid-7-exfoliating-toning-solution-240ml\/","title":{"rendered":"Glycolic Acid 7% Exfoliating Toning Solution 240ml"},"content":{"rendered":"<p>Nombre:<br \/>\nPrecio: 13.500 colones,<br \/>\nDescripcion del producto:<\/p>\n","protected":false},"excerpt":{"rendered":"<p>Ofrece una exfoliaci\u00f3n suave para mejorar la luminosidad de la piel y la claridad visible. Su f\u00f3rmula tambi\u00e9n mejora el aspecto de la textura de la piel con el uso continuado.<\/p>\n<p>Sus beneficios son:<\/p>\n<p>-Exfolia la piel<br \/>\n-Elimina manchas en el rostro, entrepierna, codos, rodillas y axilas<br \/>\n-Brinda luminosidad<br \/>\n-Mejora la textura de la piel<\/p>\n","protected":false},"featured_media":880,"comment_status":"closed","ping_status":"closed","template":"","meta":{"_monsterinsights_skip_tracking":false,"_monsterinsights_sitenote_active":false,"_monsterinsights_sitenote_note":"","_monsterinsights_sitenote_category":0},"product_brand":[],"product_cat":[132],"product_tag":[],"class_list":{"0":"post-879","1":"product","2":"type-product","3":"status-publish","4":"has-post-thumbnail","6":"product_cat-skincare","7":"thunk-woo-product-list","8":"opn-qv-enable","9":"top-store-woo-hover-zoom","10":"top-store-single-product-tab-horizontal","11":"top-store-shadow-","12":"top-store-shadow-hover-","14":"first","15":"instock","16":"shipping-taxable","17":"purchasable","18":"product-type-simple"},"_links":{"self":[{"href":"https:\/\/asefyl.or.cr\/tienda\/wp-json\/wp\/v2\/product\/879","targetHints":{"allow":["GET"]}}],"collection":[{"href":"https:\/\/asefyl.or.cr\/tienda\/wp-json\/wp\/v2\/product"}],"about":[{"href":"https:\/\/asefyl.or.cr\/tienda\/wp-json\/wp\/v2\/types\/product"}],"replies":[{"embeddable":true,"href":"https:\/\/asefyl.or.cr\/tienda\/wp-json\/wp\/v2\/comments?post=879"}],"wp:featuredmedia":[{"embeddable":true,"href":"https:\/\/asefyl.or.cr\/tienda\/wp-json\/wp\/v2\/media\/880"}],"wp:attachment":[{"href":"https:\/\/asefyl.or.cr\/tienda\/wp-json\/wp\/v2\/media?parent=879"}],"wp:term":[{"taxonomy":"product_brand","embeddable":true,"href":"https:\/\/asefyl.or.cr\/tienda\/wp-json\/wp\/v2\/product_brand?post=879"},{"taxonomy":"product_cat","embeddable":true,"href":"https:\/\/asefyl.or.cr\/tienda\/wp-json\/wp\/v2\/product_cat?post=879"},{"taxonomy":"product_tag","embeddable":true,"href":"https:\/\/asefyl.or.cr\/tienda\/wp-json\/wp\/v2\/product_tag?post=879"}],"curies":[{"name":"wp","href":"https:\/\/api.w.org\/{rel}","templated":true}]}}